{"id":14120,"date":"2026-04-18T19:50:51","date_gmt":"2026-04-18T19:50:51","guid":{"rendered":"https:\/\/xposed-demo.hasans.de\/?page_id=14120"},"modified":"2026-04-21T20:15:10","modified_gmt":"2026-04-21T20:15:10","slug":"submission","status":"publish","type":"page","link":"https:\/\/xposedfilmfestival.com\/2026\/submission\/","title":{"rendered":"Submission"},"content":{"rendered":"\t\t<div data-elementor-type=\"wp-page\" data-elementor-id=\"14120\" class=\"elementor elementor-14120\">\n\t\t\t\t\t\t<section class=\"elementor-section elementor-top-section elementor-element elementor-element-8ba24c5 qodef-elementor-content-grid elementor-section-stretched elementor-section-boxed elementor-section-height-default elementor-section-height-default\" data-id=\"8ba24c5\" data-element_type=\"section\" data-e-type=\"section\" data-settings=\"{&quot;background_background&quot;:&quot;slideshow&quot;,&quot;stretch_section&quot;:&quot;section-stretched&quot;,&quot;background_slideshow_gallery&quot;:[],&quot;background_slideshow_loop&quot;:&quot;yes&quot;,&quot;background_slideshow_slide_duration&quot;:5000,&quot;background_slideshow_slide_transition&quot;:&quot;fade&quot;,&quot;background_slideshow_transition_duration&quot;:500}\">\n\t\t\t\t\t\t<div class=\"elementor-container elementor-column-gap-default\">\n\t\t\t\t\t<div class=\"elementor-column elementor-col-33 elementor-top-column elementor-element elementor-element-6455475 main-container-sbm\" data-id=\"6455475\" data-element_type=\"column\" data-e-type=\"column\" id=\"main-container-sbm\" data-settings=\"{&quot;background_background&quot;:&quot;slideshow&quot;,&quot;background_slideshow_gallery&quot;:[],&quot;background_slideshow_loop&quot;:&quot;yes&quot;,&quot;background_slideshow_slide_duration&quot;:5000,&quot;background_slideshow_slide_transition&quot;:&quot;fade&quot;,&quot;background_slideshow_transition_duration&quot;:500}\">\n\t\t\t<div class=\"elementor-widget-wrap elementor-element-populated\">\n\t\t\t\t<div class=\"elementor-element elementor-element-1945bb1 submission-container e-flex e-con-boxed qodef-elementor-content-no e-con e-parent\" data-id=\"1945bb1\" data-element_type=\"container\" data-e-type=\"container\" id=\"submission-container\">\n\t\t\t\t\t<div class=\"e-con-inner\">\n\t\t\t\t<div class=\"elementor-element elementor-element-23fa419 elementor-widget elementor-widget-heading\" data-id=\"23fa419\" data-element_type=\"widget\" data-e-type=\"widget\" data-widget_type=\"heading.default\">\n\t\t\t\t\t<h2 class=\"elementor-heading-title elementor-size-default\">Submission Request<\/h2>\t\t\t\t<\/div>\n\t\t\t\t\t<\/div>\n\t\t\t\t<\/div>\n\t\t\t\t<div class=\"elementor-element elementor-element-940da86 elementor-widget elementor-widget-html\" data-id=\"940da86\" data-element_type=\"widget\" data-e-type=\"widget\" data-widget_type=\"html.default\">\n\t\t\t\t\t<style>\/* --- GENEL KONTEYNER (ESNEK YAPI) --- *\/\n.forminator-custom-form, \n.forminator-pagination-content {\n    display: block !important; \/* Grid kald\u0131r\u0131ld\u0131 *\/\n    width: 100% !important;\n    font-family: 'Neue Haas Grotesk Display Pro', sans-serif !important;\n}\n\n\/* --- ANA BA\u015eLIKLAR (.forminator-title) --- *\/\n.forminator-title,\n.forminator-section-title {\n    width: 100% !important;\n    font-size: 32px !important;\n   text-transform: none !important;\n    font-weight: 400 !important;\n    color: #000 !important;\n    border-bottom: 2px solid #000 !important;\n    padding-bottom: 15px !important;\n    margin: 40px 0 30px 0 !important;\n    display: block !important;\n}\n\n\/* --- FORM SATIRLARI --- *\/\n.forminator-row {\n    width: 100% !important;\n    margin-bottom: 25px !important;\n    clear: both;\n}\n\n\/* --- INPUT TASARIMI (BOYDAN BOYA) --- *\/\n.forminator-field input, \n.forminator-field textarea {\n    width: 100% !important;\n    border: none !important;\n    border-bottom: 1.5px solid #000 !important;\n    border-radius: 0 !important;\n    padding-bottom: 8px !important;\n    padding-top: 8px !important;\n    font-size: 16px !important;\n    box-sizing: border-box !important; \/* Padding'in geni\u015fli\u011fi bozmas\u0131n\u0131 engeller *\/\n}\n\n\/* 1. RADYO GRUBU SIFIRLAMA VE GRID YAPISI *\/\n.forminator-field-radio {\n    display: grid !important;\n    grid-template-columns: 1fr 1fr !important; \/* Tam 2 s\u00fctun *\/\n    gap: 15px 30px !important;\n    padding: 20px 6 !important;\n    border: none !important;\n}\n\n\/* 2. HER B\u0130R SE\u00c7ENEK (WRAPPER) *\/\n.forminator-radio {\n    position: relative !important;\n    margin: 0 !important;\n    padding: 5px 0 !important;\n    cursor: pointer !important;\n}\n\n\/* 3. RADYO DA\u0130RES\u0130 (BULLET) TASARIMI *\/\n\/* G\u00f6rseldeki gibi ince \u00e7er\u00e7eveli ve temiz *\/\n.forminator-radio-bullet {\n    width: 20px !important;\n    height: 20px !important;\n    border: 1.5px solid #000 !important; \/* Siyah ince halka *\/\n    border-radius: 50% !important;\n    background: transparent !important;\n    margin-right: 12px !important; \/* Yaz\u0131 ile buton aras\u0131 bo\u015fluk *\/\n    flex-shrink: 0 !important;\n    display: inline-block !important;\n    position: relative !important;\n}\n\n\/* 4. SE\u00c7\u0130LD\u0130\u011e\u0130NDE OLU\u015eAN S\u0130YAH NOKTA *\/\n.forminator-radio input:checked + .forminator-radio-bullet::before {\n    content: '' !important;\n    position: absolute !important;\n    top: 50% !important;\n    left: 50% !important;\n    transform: translate(-50%, -50%) !important;\n    width: 10px !important;\n    height: 10px !important;\n    background-color: #000 !important;\n    border-radius: 50% !important;\n}\n\n\/* 5. MET\u0130N ST\u0130L\u0130 (LABEL) *\/\n.forminator-radio-label {\n    font-family: 'Neue Haas Grotesk Display Pro', sans-serif !important;\n    font-size: 16px !important;\n    font-weight: 400 !important;\n    color: #000 !important;\n    line-height: 1 !important;\n    margin: 0 !important;\n}\n\n\/* 6. FORMINATOR'IN VARSAYILAN G\u00d6LGELER\u0130N\u0130 VE \u00c7\u0130ZG\u0130LER\u0130N\u0130 S\u0130L *\/\n.forminator-radio input {\n    display: none !important; \/* Standart inputu gizle *\/\n}\n\n.forminator-button-submit {\n    display: inline-block !important;\n    width: auto !important;\n    min-width: 200px !important;\n    padding: 18px 60px !important;\n    border-radius: 100px !important;\n    background-color: #0F1429 !important;\n    color: #ffffff !important;\n    font-family: 'Neue Haas Grotesk Display Pro', sans-serif !important;\n    font-size: 16px !important;\n    font-weight: 500 !important;\n    text-transform: none !important;\n    border: 1.5px solid #0F1429 !important;\n    cursor: pointer !important;\n    transition: all 0.3s ease !important;\n    margin-top: 40px !important;\n}\n\n\/* 1. NORMAL DURUM (Gri arka plan, Siyah alt \u00e7izgi) *\/\n.forminator-field input, \n.forminator-field textarea {\n    background-color: #f4f4f4 !important;\n    border: none !important;\n    border-bottom: 1.5px solid #000 !important;\n    transition: all 0.2s ease-in-out !important;\n}\n\n\/* 2. HOVER DURUMU (Biraz daha koyu gri) *\/\n.forminator-field input:hover, \n.forminator-field textarea:hover {\n    background-color: #ececec !important;\n}\n\n\/* 3. AKT\u0130F \/ FOCUS DURUMU (Arka plan a\u00e7\u0131l\u0131r, Mavi alt \u00e7izgi gelir) *\/\n.forminator-field input:focus, \n.forminator-field textarea:focus {\n    background-color: transparent !important;\n    border-bottom: 2px solid #3f51b5 !important; \/* G\u00f6rseldeki mavi renk *\/\n    outline: none !important;\n}\n\n\/* MOB\u0130LDE TEK S\u00dcTUN *\/\n@media (max-width: 600px) {\n    .forminator-field-radio {\n        grid-template-columns: 1fr !important;\n    }\n}\n\n\n\/* --- POPUP \u0130\u00c7\u0130NDEK\u0130 KAYDIRMA ALANI AYARI --- *\/\n.xposed-form-scroll-area {\n    width: 100%;\n    max-width: 100%; \/* K\u0131s\u0131tlamay\u0131 kald\u0131rd\u0131k *\/\n}<\/style>\t\t\t\t<\/div>\n\t\t\t\t\t<\/div>\n\t\t<\/div>\n\t\t\t\t<div class=\"elementor-column elementor-col-66 elementor-top-column elementor-element elementor-element-29e7d3a\" data-id=\"29e7d3a\" data-element_type=\"column\" data-e-type=\"column\">\n\t\t\t<div class=\"elementor-widget-wrap elementor-element-populated\">\n\t\t\t\t\t\t<div class=\"elementor-element elementor-element-e2fb905 elementor-widget elementor-widget-shortcode\" data-id=\"e2fb905\" data-element_type=\"widget\" data-e-type=\"widget\" data-widget_type=\"shortcode.default\">\n\t\t\t\t\t\t\t<div class=\"elementor-shortcode\"><div class=\"forminator-ui forminator-custom-form forminator-custom-form-14119 forminator-design--basic  \" data-forminator-render=\"0\" data-form=\"forminator-module-14119\" data-uid=\"69f18d4b387f5\"><br\/><\/div><form\n\t\t\t\tid=\"forminator-module-14119\"\n\t\t\t\tclass=\"forminator-ui forminator-custom-form forminator-custom-form-14119 forminator-design--basic  \"\n\t\t\t\tmethod=\"post\"\n\t\t\t\tdata-forminator-render=\"0\"\n\t\t\t\tdata-form-id=\"14119\"\n\t\t\t\t data-color-option=\"default\" data-design=\"basic\" data-grid=\"open\" style=\"display: none;\"\n\t\t\t\tdata-uid=\"69f18d4b387f5\"\n\t\t\t><div role=\"alert\" aria-live=\"polite\" class=\"forminator-response-message forminator-error\" aria-hidden=\"true\"><\/div><div class=\"forminator-row\"><div id=\"section-1\" class=\"forminator-field-section forminator-col forminator-col-12 \"><div class=\"forminator-field\"><h2 class=\"forminator-title\">General Info<\/h2><\/div><\/div><\/div><div class=\"forminator-row\"><div id=\"radio-1\" class=\"forminator-field-radio forminator-col forminator-col-12 \"><div role=\"radiogroup\" class=\"forminator-field\" aria-labelledby=\"forminator-radiogroup-radio-1-69f18d4b387f5-label\"><span id=\"forminator-radiogroup-radio-1-69f18d4b387f5-label\" class=\"forminator-label\">Film Category <span class=\"forminator-required\">*<\/span><\/span><label id=\"forminator-field-radio-1-label-1\" for=\"forminator-field-radio-1-1-69f18d4b387f5\" class=\"forminator-radio\" title=\"Documentary\"><input type=\"radio\" name=\"radio-1\" value=\"documentary\" id=\"forminator-field-radio-1-1-69f18d4b387f5\" aria-labelledby=\"forminator-field-radio-1-label-1\" data-calculation=\"0\"  \/><span class=\"forminator-radio-bullet\" aria-hidden=\"true\"><\/span><span class=\"forminator-radio-label\">Documentary<\/span><\/label><label id=\"forminator-field-radio-1-label-2\" for=\"forminator-field-radio-1-2-69f18d4b387f5\" class=\"forminator-radio\" title=\"Narrative\"><input type=\"radio\" name=\"radio-1\" value=\"narrative\" id=\"forminator-field-radio-1-2-69f18d4b387f5\" aria-labelledby=\"forminator-field-radio-1-label-2\" data-calculation=\"0\"  \/><span class=\"forminator-radio-bullet\" aria-hidden=\"true\"><\/span><span class=\"forminator-radio-label\">Narrative<\/span><\/label><label id=\"forminator-field-radio-1-label-3\" for=\"forminator-field-radio-1-3-69f18d4b387f5\" class=\"forminator-radio\" title=\"Essay\"><input type=\"radio\" name=\"radio-1\" value=\"essay\" id=\"forminator-field-radio-1-3-69f18d4b387f5\" aria-labelledby=\"forminator-field-radio-1-label-3\" data-calculation=\"0\"  \/><span class=\"forminator-radio-bullet\" aria-hidden=\"true\"><\/span><span class=\"forminator-radio-label\">Essay<\/span><\/label><label id=\"forminator-field-radio-1-label-4\" for=\"forminator-field-radio-1-4-69f18d4b387f5\" class=\"forminator-radio\" title=\"Hybrid\"><input type=\"radio\" name=\"radio-1\" value=\"hybrid\" id=\"forminator-field-radio-1-4-69f18d4b387f5\" aria-labelledby=\"forminator-field-radio-1-label-4\" data-calculation=\"0\"  \/><span class=\"forminator-radio-bullet\" aria-hidden=\"true\"><\/span><span class=\"forminator-radio-label\">Hybrid<\/span><\/label><label id=\"forminator-field-radio-1-label-5\" for=\"forminator-field-radio-1-5-69f18d4b387f5\" class=\"forminator-radio\" title=\"Uncategorisable\"><input type=\"radio\" name=\"radio-1\" value=\"uncategorisable\" id=\"forminator-field-radio-1-5-69f18d4b387f5\" aria-labelledby=\"forminator-field-radio-1-label-5\" data-calculation=\"0\"  \/><span class=\"forminator-radio-bullet\" aria-hidden=\"true\"><\/span><span class=\"forminator-radio-label\">Uncategorisable<\/span><\/label><label id=\"forminator-field-radio-1-label-6\" for=\"forminator-field-radio-1-6-69f18d4b387f5\" class=\"forminator-radio\" title=\"Performance\"><input type=\"radio\" name=\"radio-1\" value=\"performance\" id=\"forminator-field-radio-1-6-69f18d4b387f5\" aria-labelledby=\"forminator-field-radio-1-label-6\" data-calculation=\"0\"  \/><span class=\"forminator-radio-bullet\" aria-hidden=\"true\"><\/span><span class=\"forminator-radio-label\">Performance<\/span><\/label><label id=\"forminator-field-radio-1-label-7\" for=\"forminator-field-radio-1-7-69f18d4b387f5\" class=\"forminator-radio\" title=\"Animation\"><input type=\"radio\" name=\"radio-1\" value=\"animation\" id=\"forminator-field-radio-1-7-69f18d4b387f5\" aria-labelledby=\"forminator-field-radio-1-label-7\" data-calculation=\"0\"  \/><span class=\"forminator-radio-bullet\" aria-hidden=\"true\"><\/span><span class=\"forminator-radio-label\">Animation<\/span><\/label><\/div><\/div><\/div><div class=\"forminator-row\"><div id=\"text-1\" class=\"forminator-field-text forminator-col forminator-col-12 \"><div class=\"forminator-field\"><label for=\"forminator-field-text-1_69f18d4b387f5\" id=\"forminator-field-text-1_69f18d4b387f5-label\" class=\"forminator-label\">Original Title <span class=\"forminator-required\">*<\/span><\/label><input type=\"text\" name=\"text-1\" value=\"\" placeholder=\"Original Title\" id=\"forminator-field-text-1_69f18d4b387f5\" class=\"forminator-input forminator-name--field\" data-required=\"1\" \/><\/div><\/div><\/div><div class=\"forminator-row\"><div id=\"text-2\" class=\"forminator-field-text forminator-col forminator-col-12 \"><div class=\"forminator-field\"><label for=\"forminator-field-text-2_69f18d4b387f5\" id=\"forminator-field-text-2_69f18d4b387f5-label\" class=\"forminator-label\">Director <span class=\"forminator-required\">*<\/span><\/label><input type=\"text\" name=\"text-2\" value=\"\" placeholder=\"Director\" id=\"forminator-field-text-2_69f18d4b387f5\" class=\"forminator-input forminator-name--field\" data-required=\"1\" \/><\/div><\/div><\/div><div class=\"forminator-row\"><div id=\"number-1\" class=\"forminator-field-number forminator-col forminator-col-6 \"><div class=\"forminator-field\"><label for=\"forminator-field-number-1_69f18d4b387f5\" id=\"forminator-field-number-1_69f18d4b387f5-label\" class=\"forminator-label\">Year of Production<\/label><input name=\"number-1\" value=\"\" placeholder=\"YYYY\" id=\"forminator-field-number-1_69f18d4b387f5\" class=\"forminator-input forminator-number--field\" inputmode=\"decimal\" data-required=\"\" data-decimals=\"0\" aria-required=\"false\" data-inputmask=\"&#039;groupSeparator&#039;: &#039;&#039;, &#039;radixPoint&#039;: &#039;&#039;, &#039;digits&#039;: &#039;0&#039;\" type=\"number\" step=\"any\" min=\"\" \/><\/div><\/div><div id=\"number-2\" class=\"forminator-field-number forminator-col forminator-col-6 \"><div class=\"forminator-field\"><label for=\"forminator-field-number-2_69f18d4b387f5\" id=\"forminator-field-number-2_69f18d4b387f5-label\" class=\"forminator-label\">Film Length (minutes)<\/label><input name=\"number-2\" value=\"\" placeholder=\"\" id=\"forminator-field-number-2_69f18d4b387f5\" class=\"forminator-input forminator-number--field\" inputmode=\"decimal\" data-required=\"\" data-decimals=\"0\" aria-required=\"false\" data-inputmask=\"&#039;groupSeparator&#039;: &#039;&#039;, &#039;radixPoint&#039;: &#039;&#039;, &#039;digits&#039;: &#039;0&#039;\" data-hidden-behavior=\"zero\" type=\"number\" step=\"any\" min=\"1\" max=\"150\" \/><\/div><\/div><\/div><div class=\"forminator-row\"><div id=\"text-3\" class=\"forminator-field-text forminator-col forminator-col-12 \"><div class=\"forminator-field\"><label for=\"forminator-field-text-3_69f18d4b387f5\" id=\"forminator-field-text-3_69f18d4b387f5-label\" class=\"forminator-label\">Country of Production<\/label><input type=\"text\" name=\"text-3\" value=\"\" placeholder=\"Country\" id=\"forminator-field-text-3_69f18d4b387f5\" class=\"forminator-input forminator-name--field\" data-required=\"\" \/><\/div><\/div><\/div><div class=\"forminator-row\"><div id=\"text-11\" class=\"forminator-field-text forminator-col forminator-col-6 \"><div class=\"forminator-field\"><label for=\"forminator-field-text-11_69f18d4b387f5\" id=\"forminator-field-text-11_69f18d4b387f5-label\" class=\"forminator-label\">Original Language<\/label><input type=\"text\" name=\"text-11\" value=\"\" placeholder=\"Language\" id=\"forminator-field-text-11_69f18d4b387f5\" class=\"forminator-input forminator-name--field\" data-required=\"\" \/><\/div><\/div><div id=\"text-12\" class=\"forminator-field-text forminator-col forminator-col-6 \"><div class=\"forminator-field\"><label for=\"forminator-field-text-12_69f18d4b387f5\" id=\"forminator-field-text-12_69f18d4b387f5-label\" class=\"forminator-label\">Subtitles<\/label><input type=\"text\" name=\"text-12\" value=\"\" placeholder=\"e.g. English, German\" id=\"forminator-field-text-12_69f18d4b387f5\" class=\"forminator-input forminator-name--field\" data-required=\"\" \/><\/div><\/div><\/div><div class=\"forminator-row\"><div id=\"textarea-1\" class=\"forminator-field-textarea forminator-col forminator-col-12 \"><div class=\"forminator-field\"><label for=\"forminator-field-textarea-1_69f18d4b387f5\" id=\"forminator-field-textarea-1_69f18d4b387f5-label\" class=\"forminator-label\">Synopsis<\/label><textarea name=\"textarea-1\" placeholder=\"Synopsis\" id=\"forminator-field-textarea-1_69f18d4b387f5\" class=\"forminator-textarea\" rows=\"6\" style=\"min-height:140px;\" ><\/textarea><\/div><\/div><\/div><div class=\"forminator-row\"><div id=\"section-3\" class=\"forminator-field-section forminator-col forminator-col-12 \"><div class=\"forminator-field\"><h2 class=\"forminator-title\">Online Screening Access<\/h2><\/div><\/div><\/div><div class=\"forminator-row\"><div id=\"text-4\" class=\"forminator-field-text forminator-col forminator-col-12 \"><div class=\"forminator-field\"><label for=\"forminator-field-text-4_69f18d4b387f5\" id=\"forminator-field-text-4_69f18d4b387f5-label\" class=\"forminator-label\">Screener Link<\/label><input type=\"text\" name=\"text-4\" value=\"\" placeholder=\"vimeo.com\/...\" id=\"forminator-field-text-4_69f18d4b387f5\" class=\"forminator-input forminator-name--field\" data-required=\"\" \/><\/div><\/div><\/div><div class=\"forminator-row\"><div id=\"text-5\" class=\"forminator-field-text forminator-col forminator-col-12 \"><div class=\"forminator-field\"><label for=\"forminator-field-text-5_69f18d4b387f5\" id=\"forminator-field-text-5_69f18d4b387f5-label\" class=\"forminator-label\">Password<\/label><input type=\"text\" name=\"text-5\" value=\"\" placeholder=\"Password\" id=\"forminator-field-text-5_69f18d4b387f5\" class=\"forminator-input forminator-name--field\" data-required=\"\" \/><\/div><\/div><\/div><div class=\"forminator-row\"><div id=\"section-2\" class=\"forminator-field-section forminator-col forminator-col-12 \"><div class=\"forminator-field\"><h2 class=\"forminator-title\">Contact Details<\/h2><\/div><\/div><\/div><div class=\"forminator-row\"><div id=\"name-1\" class=\"forminator-field-name forminator-col forminator-col-12 \"><div class=\"forminator-field\"><label for=\"forminator-field-name-1_69f18d4b387f5\" id=\"forminator-field-name-1_69f18d4b387f5-label\" class=\"forminator-label\">Submitter Name <span class=\"forminator-required\">*<\/span><\/label><input type=\"text\" name=\"name-1\" value=\"\" placeholder=\"Name\" id=\"forminator-field-name-1_69f18d4b387f5\" class=\"forminator-input forminator-name--field\" aria-required=\"true\" autocomplete=\"name\" \/><\/div><\/div><\/div><div class=\"forminator-row\"><div id=\"email-1\" class=\"forminator-field-email forminator-col forminator-col-12 \"><div class=\"forminator-field\"><label for=\"forminator-field-email-1_69f18d4b387f5\" id=\"forminator-field-email-1_69f18d4b387f5-label\" class=\"forminator-label\">Email <span class=\"forminator-required\">*<\/span><\/label><input type=\"email\" name=\"email-1\" value=\"\" placeholder=\"Email\" id=\"forminator-field-email-1_69f18d4b387f5\" class=\"forminator-input forminator-email--field\" data-required=\"1\" aria-required=\"true\" autocomplete=\"email\" \/><\/div><\/div><\/div><div class=\"forminator-row\"><\/div><input type=\"hidden\" name=\"referer_url\" value=\"\" \/><div class=\"forminator-row forminator-row-last\"><div class=\"forminator-col\"><div class=\"forminator-field\"><button class=\"forminator-button forminator-button-submit\">Apply<\/button><\/div><\/div><\/div><input type=\"hidden\" id=\"forminator_nonce\" name=\"forminator_nonce\" value=\"8aebc44e88\" \/><input type=\"hidden\" name=\"_wp_http_referer\" value=\"\/2026\/wp-json\/wp\/v2\/pages\/14120\" \/><input type=\"hidden\" name=\"form_id\" value=\"14119\"><input type=\"hidden\" name=\"page_id\" value=\"14120\"><input type=\"hidden\" name=\"form_type\" value=\"\"><input type=\"hidden\" name=\"current_url\" value=\"https:\/\/xposedfilmfestival.com\/2026\/submission\/\"><input type=\"hidden\" name=\"render_id\" value=\"0\"><input type=\"hidden\" name=\"action\" value=\"forminator_submit_form_custom-forms\"><\/form><\/div>\n\t\t\t\t\t\t<\/div>\n\t\t\t\t\t<\/div>\n\t\t<\/div>\n\t\t\t\t\t<\/div>\n\t\t<\/section>\n\t\t<div class=\"elementor-element elementor-element-1d5f69c e-flex e-con-boxed qodef-elementor-content-no e-con e-parent\" data-id=\"1d5f69c\" data-element_type=\"container\" data-e-type=\"container\">\n\t\t\t\t\t<div class=\"e-con-inner\">\n\t\t\t\t<div class=\"elementor-element elementor-element-52dac1b elementor-widget-divider--view-line elementor-widget elementor-widget-divider\" data-id=\"52dac1b\" data-element_type=\"widget\" data-e-type=\"widget\" data-widget_type=\"divider.default\">\n\t\t\t\t\t\t\t<div class=\"elementor-divider\">\n\t\t\t<span class=\"elementor-divider-separator\">\n\t\t\t\t\t\t<\/span>\n\t\t<\/div>\n\t\t\t\t\t\t<\/div>\n\t\t\t\t\t<\/div>\n\t\t\t\t<\/div>\n\t\t<div class=\"elementor-element elementor-element-2c8774e e-flex e-con-boxed qodef-elementor-content-no e-con e-parent\" data-id=\"2c8774e\" data-element_type=\"container\" data-e-type=\"container\" data-settings=\"{&quot;background_background&quot;:&quot;classic&quot;}\">\n\t\t\t\t\t<div class=\"e-con-inner\">\n\t\t\t\t\t<\/div>\n\t\t\t\t<\/div>\n\t\t\t\t<\/div>\n\t\t","protected":false},"excerpt":{"rendered":"<p>Submission Request<\/p>\n","protected":false},"author":1,"featured_media":0,"parent":0,"menu_order":0,"comment_status":"closed","ping_status":"closed","template":"page-full-width.php","meta":{"footnotes":""},"class_list":["post-14120","page","type-page","status-publish","hentry"],"aioseo_notices":[],"_links":{"self":[{"href":"https:\/\/xposedfilmfestival.com\/2026\/wp-json\/wp\/v2\/pages\/14120","targetHints":{"allow":["GET"]}}],"collection":[{"href":"https:\/\/xposedfilmfestival.com\/2026\/wp-json\/wp\/v2\/pages"}],"about":[{"href":"https:\/\/xposedfilmfestival.com\/2026\/wp-json\/wp\/v2\/types\/page"}],"author":[{"embeddable":true,"href":"https:\/\/xposedfilmfestival.com\/2026\/wp-json\/wp\/v2\/users\/1"}],"replies":[{"embeddable":true,"href":"https:\/\/xposedfilmfestival.com\/2026\/wp-json\/wp\/v2\/comments?post=14120"}],"version-history":[{"count":163,"href":"https:\/\/xposedfilmfestival.com\/2026\/wp-json\/wp\/v2\/pages\/14120\/revisions"}],"predecessor-version":[{"id":15920,"href":"https:\/\/xposedfilmfestival.com\/2026\/wp-json\/wp\/v2\/pages\/14120\/revisions\/15920"}],"wp:attachment":[{"href":"https:\/\/xposedfilmfestival.com\/2026\/wp-json\/wp\/v2\/media?parent=14120"}],"curies":[{"name":"wp","href":"https:\/\/api.w.org\/{rel}","templated":true}]}}