{"id":42,"date":"2021-06-13T21:26:09","date_gmt":"2021-06-13T20:26:09","guid":{"rendered":"https:\/\/xposedfilmfestival.com\/2025\/?page_id=42"},"modified":"2021-07-25T13:36:33","modified_gmt":"2021-07-25T12:36:33","slug":"impressum","status":"publish","type":"page","link":"https:\/\/xposedfilmfestival.com\/2025\/impressum\/","title":{"rendered":"Impressum"},"content":{"rendered":"<section class=\"l-section wpb_row height_medium\"><div class=\"l-section-h i-cf\"><div class=\"g-cols vc_row via_flex valign_top type_default stacking_default\"><div class=\"vc_col-sm-12 wpb_column vc_column_container\"><div class=\"vc_column-inner\"><div class=\"wpb_wrapper\"><div class=\"wpb_text_column\"><div class=\"wpb_wrapper\"><h1 style=\"text-align: center;\">IMPRINT \/ IMPRESSUM<\/h1>\n<h3>ANBIETERKENNZEICHNUNG:<\/h3>\n<p>XPOSED Film Festival<br \/>\nc\/o Moviemento<br \/>\nKottbusser Damm 22<br \/>\n10967 Berlin<\/p>\n<p><strong>XPOSED e.V.<\/strong><\/p>\n<p>Anschrift:<br \/>\nTelefon: +49 (0) 17685036865<br \/>\nEmail: <a href=\"mailto:info@xposedfilmfestival.com\">info[at]xposedfilmfestival.com<\/a><br \/>\nWeb: <a href=\"http:\/\/xposedfilmfestival.com\" target=\"_blank\" rel=\"nofollow noopener noreferrer\">http:\/\/xposedfilmfestival.com<\/a><\/p>\n<p>Vorstand: Merle Groneweg, Bartholomew Sammut, Nastaran Tajeri-Foumani<\/p>\n<p>Registergericht: Vereinsregister Amtsgericht Charlottenburg, Berlin<br \/>\nRegisternummer: VR 37804 B<\/p>\n<p>Inhaltlich verantwortlich f\u00fcr diese Website gem\u00e4\u00df $6 MDStV:<br \/>\nXPOSED e.V.: <a href=\"mailto:info@xposedfilmfestival.com\">info[at]xposedfilmfestival.com<\/a><\/p>\n<h3>RECHTLICHES<\/h3>\n<p class=\"title_format\"><strong>Nutzung der Internet-Seiten<\/strong><\/p>\n<p>Inhalt und Gestaltung der Internet-Seiten sind urheberrechtlich gesch\u00fctzt. Eine Vervielf\u00e4ltigung der Seiten oder ihrer Inhalte bedarf unserer vorherigen schriftlichen Zustimmung, soweit die Vervielf\u00e4ltigung nicht ohnehin gesetzlich gestattet ist.<\/p>\n<h3>Copyright<\/h3>\n<p>Alle Texte, Bilder, grafische Animationen, Videos, Musik, T\u00f6ne und anderes Material auf diesen Seiten sind urheberrechtlich gesch\u00fctzt vom Xposed Film Festival. Das Xposed Film Festival h\u00e4lt die Urheberrechte an der Auswahl, Koordination und Pr\u00e4sentation des Materials auf diesen Seiten. Weder ist es gestattet, dieses Material zu gewerblichen Zwecken zu kopieren, noch es zu modifizieren oder auf andere Seiten umzuleiten.<\/p>\n<h3>Haftung f\u00fcr Links<\/h3>\n<p>Unser Angebot enth\u00e4lt Links zu externen Webseiten Dritter, auf deren Inhalte wir keinen Einfluss haben. Deshalb k\u00f6nnen wir f\u00fcr diese fremden Inhalte auch keine Gew\u00e4hr \u00fcbernehmen. F\u00fcr die Inhalte der verlinkten Seiten ist stets der jeweilige Anbieter oder Betreiber der Seiten verantwortlich. Die verlinkten Seiten wurden zum Zeitpunkt der Verlinkung auf m\u00f6gliche Rechtsverst\u00f6\u00dfe \u00fcberpr\u00fcft. Rechtswidrige Inhalte waren zum Zeitpunkt der Verlinkung nicht erkennbar. Eine permanente inhaltliche Kontrolle der verlinkten Seiten ist jedoch ohne konkrete Anhaltspunkte einer Rechtsverletzung nicht zumutbar. Bei bekannt werden von Rechtsverletzungen werden wir derartige Links umgehend entfernen.<\/p>\n<h3>Datenschutz<\/h3>\n<p>Wir wissen, dass Sie dem Thema Datenschutz gro\u00dfe Bedeutung beimessen. Deshalb ist uns der Schutz Ihrer pers\u00f6nlichen Daten ein wichtiges Anliegen. Lesen Sie mehr in unserer <a href=\"https:\/\/xposedfilmfestival.com\/2025\/privacy-policy\/\">Datenschutzerkl\u00e4rung<\/a>.<\/p>\n<h3>Artwork<\/h3>\n<p>Marion Harbringer<br \/>\nE-mail: <a href=\"mailto:m_habringer@hotmail.com\">m_habringer [at] hotmail.com<\/a><br \/>\nWebsite: <a href=\"http:\/\/www.marionhabringer.com\/\">www.marionhabringer.com<\/a><\/p>\n<\/div><\/div><\/div><\/div><\/div><\/div><\/div><\/section>\n","protected":false},"excerpt":{"rendered":"IMPRINT \/ IMPRESSUM ANBIETERKENNZEICHNUNG: XPOSED Film Festival c\/o Moviemento Kottbusser Damm 22 10967 Berlin XPOSED e.V. Anschrift: Telefon: +49 (0) 17685036865 Email: info[at]xposedfilmfestival.com Web: http:\/\/xposedfilmfestival.com Vorstand: Merle Groneweg, Bartholomew Sammut, Nastaran Tajeri-Foumani Registergericht: Vereinsregister Amtsgericht Charlottenburg, Berlin Registernummer: VR 37804 B Inhaltlich verantwortlich f\u00fcr diese Website gem\u00e4\u00df $6 MDStV: XPOSED e.V.: info[at]xposedfilmfestival.com RECHTLICHES Nutzung der...","protected":false},"author":1,"featured_media":0,"parent":0,"menu_order":0,"comment_status":"closed","ping_status":"closed","template":"","meta":{"_acf_changed":false,"footnotes":""},"class_list":["post-42","page","type-page","status-publish","hentry"],"acf":[],"yoast_head":"<!-- This site is optimized with the Yoast SEO plugin v25.0 - https:\/\/yoast.com\/wordpress\/plugins\/seo\/ -->\n<title>Impressum - XPOSED Queer Film Festival Berlin<\/title>\n<meta name=\"robots\" content=\"index, follow, max-snippet:-1, max-image-preview:large, max-video-preview:-1\" \/>\n<link rel=\"canonical\" href=\"https:\/\/xposedfilmfestival.com\/2025\/impressum\/\" \/>\n<meta property=\"og:locale\" content=\"en_GB\" \/>\n<meta property=\"og:type\" content=\"article\" \/>\n<meta property=\"og:title\" content=\"Impressum - XPOSED Queer Film Festival Berlin\" \/>\n<meta property=\"og:url\" content=\"https:\/\/xposedfilmfestival.com\/2025\/impressum\/\" \/>\n<meta property=\"og:site_name\" content=\"XPOSED Queer Film Festival Berlin\" \/>\n<meta property=\"article:publisher\" content=\"https:\/\/www.facebook.com\/xposedfilmfestival\" \/>\n<meta property=\"article:modified_time\" content=\"2021-07-25T12:36:33+00:00\" \/>\n<meta property=\"og:image\" content=\"https:\/\/xposedfilmfestival.com\/2025\/wp-content\/uploads\/2025\/04\/Poster-1080x566px.jpg\" \/>\n\t<meta property=\"og:image:width\" content=\"1080\" \/>\n\t<meta property=\"og:image:height\" content=\"566\" \/>\n\t<meta property=\"og:image:type\" content=\"image\/jpeg\" \/>\n<meta name=\"twitter:card\" content=\"summary_large_image\" \/>\n<meta name=\"twitter:label1\" content=\"Estimated reading time\" \/>\n\t<meta name=\"twitter:data1\" content=\"2 minutes\" \/>\n<script type=\"application\/ld+json\" class=\"yoast-schema-graph\">{\"@context\":\"https:\/\/schema.org\",\"@graph\":[{\"@type\":\"WebPage\",\"@id\":\"https:\/\/xposedfilmfestival.com\/2025\/impressum\/\",\"url\":\"https:\/\/xposedfilmfestival.com\/2025\/impressum\/\",\"name\":\"Impressum - XPOSED Queer Film Festival Berlin\",\"isPartOf\":{\"@id\":\"https:\/\/xposedfilmfestival.com\/2025\/#website\"},\"datePublished\":\"2021-06-13T20:26:09+00:00\",\"dateModified\":\"2021-07-25T12:36:33+00:00\",\"breadcrumb\":{\"@id\":\"https:\/\/xposedfilmfestival.com\/2025\/impressum\/#breadcrumb\"},\"inLanguage\":\"en-GB\",\"potentialAction\":[{\"@type\":\"ReadAction\",\"target\":[\"https:\/\/xposedfilmfestival.com\/2025\/impressum\/\"]}]},{\"@type\":\"BreadcrumbList\",\"@id\":\"https:\/\/xposedfilmfestival.com\/2025\/impressum\/#breadcrumb\",\"itemListElement\":[{\"@type\":\"ListItem\",\"position\":1,\"name\":\"Home\",\"item\":\"https:\/\/xposedfilmfestival.com\/2025\/\"},{\"@type\":\"ListItem\",\"position\":2,\"name\":\"Impressum\"}]},{\"@type\":\"WebSite\",\"@id\":\"https:\/\/xposedfilmfestival.com\/2025\/#website\",\"url\":\"https:\/\/xposedfilmfestival.com\/2025\/\",\"name\":\"XPOSED International Queer Film Festival Berlin\",\"description\":\"19th Edition \u00b7 May 29th \u2013 June 1st, 2025\",\"publisher\":{\"@id\":\"https:\/\/xposedfilmfestival.com\/2025\/#organization\"},\"potentialAction\":[{\"@type\":\"SearchAction\",\"target\":{\"@type\":\"EntryPoint\",\"urlTemplate\":\"https:\/\/xposedfilmfestival.com\/2025\/?s={search_term_string}\"},\"query-input\":{\"@type\":\"PropertyValueSpecification\",\"valueRequired\":true,\"valueName\":\"search_term_string\"}}],\"inLanguage\":\"en-GB\"},{\"@type\":\"Organization\",\"@id\":\"https:\/\/xposedfilmfestival.com\/2025\/#organization\",\"name\":\"XPOSED Queer Film Festival Berlin\",\"url\":\"https:\/\/xposedfilmfestival.com\/2025\/\",\"logo\":{\"@type\":\"ImageObject\",\"inLanguage\":\"en-GB\",\"@id\":\"https:\/\/xposedfilmfestival.com\/2025\/#\/schema\/logo\/image\/\",\"url\":\"https:\/\/xposedfilmfestival.com\/2025\/wp-content\/uploads\/2024\/05\/XPOSED-Logo-900px-2024.png\",\"contentUrl\":\"https:\/\/xposedfilmfestival.com\/2025\/wp-content\/uploads\/2024\/05\/XPOSED-Logo-900px-2024.png\",\"width\":1800,\"height\":566,\"caption\":\"XPOSED Queer Film Festival Berlin\"},\"image\":{\"@id\":\"https:\/\/xposedfilmfestival.com\/2025\/#\/schema\/logo\/image\/\"},\"sameAs\":[\"https:\/\/www.facebook.com\/xposedfilmfestival\",\"https:\/\/www.instagram.com\/xposedqueerfilmfest\/?hl=en\"]}]}<\/script>\n<!-- \/ Yoast SEO plugin. -->","yoast_head_json":{"title":"Impressum - XPOSED Queer Film Festival Berlin","robots":{"index":"index","follow":"follow","max-snippet":"max-snippet:-1","max-image-preview":"max-image-preview:large","max-video-preview":"max-video-preview:-1"},"canonical":"https:\/\/xposedfilmfestival.com\/2025\/impressum\/","og_locale":"en_GB","og_type":"article","og_title":"Impressum - XPOSED Queer Film Festival Berlin","og_url":"https:\/\/xposedfilmfestival.com\/2025\/impressum\/","og_site_name":"XPOSED Queer Film Festival Berlin","article_publisher":"https:\/\/www.facebook.com\/xposedfilmfestival","article_modified_time":"2021-07-25T12:36:33+00:00","og_image":[{"width":1080,"height":566,"url":"https:\/\/xposedfilmfestival.com\/2025\/wp-content\/uploads\/2025\/04\/Poster-1080x566px.jpg","type":"image\/jpeg"}],"twitter_card":"summary_large_image","twitter_misc":{"Estimated reading time":"2 minutes"},"schema":{"@context":"https:\/\/schema.org","@graph":[{"@type":"WebPage","@id":"https:\/\/xposedfilmfestival.com\/2025\/impressum\/","url":"https:\/\/xposedfilmfestival.com\/2025\/impressum\/","name":"Impressum - XPOSED Queer Film Festival Berlin","isPartOf":{"@id":"https:\/\/xposedfilmfestival.com\/2025\/#website"},"datePublished":"2021-06-13T20:26:09+00:00","dateModified":"2021-07-25T12:36:33+00:00","breadcrumb":{"@id":"https:\/\/xposedfilmfestival.com\/2025\/impressum\/#breadcrumb"},"inLanguage":"en-GB","potentialAction":[{"@type":"ReadAction","target":["https:\/\/xposedfilmfestival.com\/2025\/impressum\/"]}]},{"@type":"BreadcrumbList","@id":"https:\/\/xposedfilmfestival.com\/2025\/impressum\/#breadcrumb","itemListElement":[{"@type":"ListItem","position":1,"name":"Home","item":"https:\/\/xposedfilmfestival.com\/2025\/"},{"@type":"ListItem","position":2,"name":"Impressum"}]},{"@type":"WebSite","@id":"https:\/\/xposedfilmfestival.com\/2025\/#website","url":"https:\/\/xposedfilmfestival.com\/2025\/","name":"XPOSED International Queer Film Festival Berlin","description":"19th Edition \u00b7 May 29th \u2013 June 1st, 2025","publisher":{"@id":"https:\/\/xposedfilmfestival.com\/2025\/#organization"},"potentialAction":[{"@type":"SearchAction","target":{"@type":"EntryPoint","urlTemplate":"https:\/\/xposedfilmfestival.com\/2025\/?s={search_term_string}"},"query-input":{"@type":"PropertyValueSpecification","valueRequired":true,"valueName":"search_term_string"}}],"inLanguage":"en-GB"},{"@type":"Organization","@id":"https:\/\/xposedfilmfestival.com\/2025\/#organization","name":"XPOSED Queer Film Festival Berlin","url":"https:\/\/xposedfilmfestival.com\/2025\/","logo":{"@type":"ImageObject","inLanguage":"en-GB","@id":"https:\/\/xposedfilmfestival.com\/2025\/#\/schema\/logo\/image\/","url":"https:\/\/xposedfilmfestival.com\/2025\/wp-content\/uploads\/2024\/05\/XPOSED-Logo-900px-2024.png","contentUrl":"https:\/\/xposedfilmfestival.com\/2025\/wp-content\/uploads\/2024\/05\/XPOSED-Logo-900px-2024.png","width":1800,"height":566,"caption":"XPOSED Queer Film Festival Berlin"},"image":{"@id":"https:\/\/xposedfilmfestival.com\/2025\/#\/schema\/logo\/image\/"},"sameAs":["https:\/\/www.facebook.com\/xposedfilmfestival","https:\/\/www.instagram.com\/xposedqueerfilmfest\/?hl=en"]}]}},"_links":{"self":[{"href":"https:\/\/xposedfilmfestival.com\/2025\/wp-json\/wp\/v2\/pages\/42","targetHints":{"allow":["GET"]}}],"collection":[{"href":"https:\/\/xposedfilmfestival.com\/2025\/wp-json\/wp\/v2\/pages"}],"about":[{"href":"https:\/\/xposedfilmfestival.com\/2025\/wp-json\/wp\/v2\/types\/page"}],"author":[{"embeddable":true,"href":"https:\/\/xposedfilmfestival.com\/2025\/wp-json\/wp\/v2\/users\/1"}],"replies":[{"embeddable":true,"href":"https:\/\/xposedfilmfestival.com\/2025\/wp-json\/wp\/v2\/comments?post=42"}],"version-history":[{"count":6,"href":"https:\/\/xposedfilmfestival.com\/2025\/wp-json\/wp\/v2\/pages\/42\/revisions"}],"predecessor-version":[{"id":494,"href":"https:\/\/xposedfilmfestival.com\/2025\/wp-json\/wp\/v2\/pages\/42\/revisions\/494"}],"wp:attachment":[{"href":"https:\/\/xposedfilmfestival.com\/2025\/wp-json\/wp\/v2\/media?parent=42"}],"curies":[{"name":"wp","href":"https:\/\/api.w.org\/{rel}","templated":true}]}}